{"id":223,"date":"2021-09-07T12:38:01","date_gmt":"2021-09-07T10:38:01","guid":{"rendered":"http:\/\/version.privacare.fr\/?page_id=223"},"modified":"2021-09-27T09:58:30","modified_gmt":"2021-09-27T07:58:30","slug":"gestion-dactifs","status":"publish","type":"page","link":"https:\/\/version.privacare.fr\/index.php\/gestion-dactifs\/","title":{"rendered":"Gestion d&rsquo;actifs"},"content":{"rendered":"<!-- Created with Elementor --><div  id=\"content-1\" class=\"content-12 content-section content-section-spacing\" style=\"background-color: #ffffff;\" data-label=\"Content\" data-id=\"content--1\" data-export-id=\"content-12\" data-category=\"content\">\n<div  class=\"\">\n<div  class=\"row text-center\">\n<h4  class=\"section-title-col\" style=\"text-align: center;\" data-type=\"column\"><\/h4>\n<\/div>\n<div  class=\"row center-xs middle-xs\">\n<div  class=\"col-sm-9\" data-type=\"column\">\n\n<h2  class=\"\" style=\"text-align: center;\">De quoi s\u2019agit-il ?<\/h2><p  class=\"\" style=\"text-align: justify;\">Notre mission de conseil ne se limite pas \u00e0 la pr\u00e9conisation d\u2019un dispositif juridique ou d\u2019un v\u00e9hicule d\u2019investissement. Un v\u00e9ritable conseil n\u00e9cessite \u00ab  d\u2019ouvrir le capot \u00bb et de s\u00e9lectionner nous-m\u00eame, selon un cahier des charges pr\u00e9alablement d\u00e9fini avec nos clients, les supports et classes d\u2019actifs sur lesquels ils seront investis.\n<br ><br >\nZones g\u00e9ographiques, secteurs, typologie d\u2019entreprises nous r\u00e9alisons des allocations sur-mesure et les suivons dans le temps en les adaptant aux conditions de march\u00e9s, l\u2019horizon du client et son aversion au risque. Pas de profil type ou de gestion standard chez Privacare. Vous \u00eates uniques, votre patrimoine comme la gestion qui en suit doit \u00e9galement faire ressortir cette singularit\u00e9 authentique.\n<br ><br >\nPour nos clients b\u00e9n\u00e9ficiant d\u2019un abonnement de suivi patrimonial, nous adressons nos vues et commentaires sur la macro-\u00e9conomie et les conditions de march\u00e9s trimestriellement avec nos recommandations d\u2019\u00e9volution.<\/p>\n\n<\/div>\n<\/div>\n<\/div>\n<\/div><!-- Created with Elementor --><div  data-label=\"Content\" data-id=\"content--2\" data-export-id=\"content-12\" data-category=\"content\" class=\"content-12 content-section content-section-spacing\" id=\"content-2\" style=\"background-color: rgba(130, 22, 83, 0.055); background-image: none;\"><div  class=\"gridContainer\"> <div  class=\"row text-center\"><div  class=\"section-title-col\" data-type=\"column\"> <h2  class=\"\" style=\"text-align: center;\">Pour aller plus loin\n<\/h2> <div  data-editable=\"true\" data-name=\"ope-widgets-area\" data-content-shortcode=\"mesmerize_display_widgets_area id=&quot;mesmerize_users_custom_widgets_areas_3&quot; \" class=\"\"><div data-name=\"mesmerize-widgets-area\"><div id=\"block-25\" class=\"widget widget_block\">\n<figure class=\"wp-block-embed is-type-video is-provider-youtube wp-block-embed-youtube wp-embed-aspect-16-9 wp-has-aspect-ratio\"><div class=\"wp-block-embed__wrapper\">\n<div class='embed-container'><iframe title=\"Pourquoi la gestion d\u2019actifs? (Why Asset Management?)\" width=\"1920\" height=\"1080\" src=\"https:\/\/www.youtube.com\/embed\/8T7GGhdg1HY?feature=oembed\" frameborder=\"0\" allow=\"accelerometer; autoplay; clipboard-write; encrypted-media; gyroscope; picture-in-picture\" allowfullscreen><\/iframe><\/div>\n<\/div><\/figure>\n<\/div><\/div><\/div><p  class=\"lead\" style=\"text-align: right;\"><sup ><span  style=\"font-style: italic;\">Vid\u00e9o par : <span  style=\"font-weight: 500;\">Nams Canada<\/span><\/span><\/sup><\/p><\/div> <\/div> <div  class=\"row center-xs middle-xs\"> <div  class=\"col-sm-9\" data-type=\"column\"> <\/div> <\/div><\/div> <\/div><!-- Created with Elementor --><div  data-label=\"Features\" data-id=\"features--1\" data-export-id=\"features-16\" data-category=\"features\" class=\"features-16 content-section content-section-spacing\" id=\"features-1\" style=\"background-color: rgb(255, 255, 255); background-image: none;\"><div  class=\"gridContainer\"> <div  class=\"row text-center\"><div  class=\"section-title-col\" data-type=\"column\"> <h5  class=\"\">En compl\u00e9ment :&nbsp;<\/h5><h2  class=\"\">Nos autres solutions<\/h2> <\/div> <\/div> <div  class=\"row spaced-cols\" data-type=\"row\"> <div  class=\"col-xs-12 col-sm-6 space-bottom col-md-3 \"> <a data-cp-link=\"1\" href=\"http:\/\/version.privacare.fr\/index.php\/ingenierie-patrimoniale\" target=\"_blank\" rel=\"noopener\"><img  class=\"face\" src=\"http:\/\/version.privacare.fr\/wp-content\/uploads\/2021\/09\/privasquare-02.png\" title=\"privasquare-02\" alt=\"\"><\/a> <div  data-type=\"column\" class=\"col-padding-small col-padding-small-xs description-container\">   <\/div> <\/div> <div  class=\"col-xs-12 col-sm-6 space-bottom col-md-3 \"> <a data-cp-link=\"1\" href=\"http:\/\/version.privacare.fr\/index.php\/conseil-en-investissement-immobilier-2\" target=\"_blank\" rel=\"noopener\"><img  class=\"face\" src=\"http:\/\/version.privacare.fr\/wp-content\/uploads\/2021\/09\/Privacarre-03.png\" title=\"Privacarre-03\" alt=\"\"><\/a> <div  data-type=\"column\" class=\"col-padding-small col-padding-small-xs description-container\">   <\/div> <\/div> <div  class=\"col-xs-12 col-sm-6 space-bottom col-md-3 \"> <a data-cp-link=\"1\" href=\"http:\/\/version.privacare.fr\/index.php\/conseil-investissement-financiers\" target=\"_blank\" rel=\"noopener\"><img  class=\"face\" src=\"http:\/\/version.privacare.fr\/wp-content\/uploads\/2021\/09\/Privacarre-05.png\" title=\"Privacarre-05\" alt=\"\"><\/a> <div  data-type=\"column\" class=\"col-padding-small col-padding-small-xs description-container\">   <\/div> <\/div><div  class=\"col-xs-12 col-sm-6 space-bottom col-md-3 \"> <a data-cp-link=\"1\" href=\"http:\/\/version.privacare.fr\/index.php\/courtage\" target=\"_blank\" rel=\"noopener\"><img  class=\"face\" src=\"http:\/\/version.privacare.fr\/wp-content\/uploads\/2021\/09\/privasquare-04.png\" title=\"privasquare-04\" alt=\"\"><\/a> <div  data-type=\"column\" class=\"col-padding-small col-padding-small-xs description-container\">   <\/div> <\/div><\/div> <\/div><\/div>","protected":false},"excerpt":{"rendered":"<p>De quoi s\u2019agit-il ?Notre mission de conseil ne se limite pas \u00e0 la pr\u00e9conisation d\u2019un dispositif juridique ou d\u2019un v\u00e9hicule d\u2019investissement. Un v\u00e9ritable conseil n\u00e9cessite \u00ab d\u2019ouvrir le capot \u00bb et de s\u00e9lectionner nous-m\u00eame, selon un cahier des charges pr\u00e9alablement d\u00e9fini avec nos clients, les supports et classes d\u2019actifs sur lesquels ils seront investis. Zones&hellip; <br \/> <a class=\"read-more\" href=\"https:\/\/version.privacare.fr\/index.php\/gestion-dactifs\/\">Lire la suite<\/a><\/p>\n","protected":false},"author":1,"featured_media":564,"parent":0,"menu_order":0,"comment_status":"closed","ping_status":"closed","template":"pro\/page-templates\/full-width-page.php","meta":{"_monsterinsights_skip_tracking":false,"_monsterinsights_sitenote_active":false,"_monsterinsights_sitenote_note":"","_monsterinsights_sitenote_category":0},"_links":{"self":[{"href":"https:\/\/version.privacare.fr\/index.php\/wp-json\/wp\/v2\/pages\/223"}],"collection":[{"href":"https:\/\/version.privacare.fr\/index.php\/wp-json\/wp\/v2\/pages"}],"about":[{"href":"https:\/\/version.privacare.fr\/index.php\/wp-json\/wp\/v2\/types\/page"}],"author":[{"embeddable":true,"href":"https:\/\/version.privacare.fr\/index.php\/wp-json\/wp\/v2\/users\/1"}],"replies":[{"embeddable":true,"href":"https:\/\/version.privacare.fr\/index.php\/wp-json\/wp\/v2\/comments?post=223"}],"version-history":[{"count":0,"href":"https:\/\/version.privacare.fr\/index.php\/wp-json\/wp\/v2\/pages\/223\/revisions"}],"wp:featuredmedia":[{"embeddable":true,"href":"https:\/\/version.privacare.fr\/index.php\/wp-json\/wp\/v2\/media\/564"}],"wp:attachment":[{"href":"https:\/\/version.privacare.fr\/index.php\/wp-json\/wp\/v2\/media?parent=223"}],"curies":[{"name":"wp","href":"https:\/\/api.w.org\/{rel}","templated":true}]}}